{"id":3994,"date":"2013-01-07T09:40:25","date_gmt":"2013-01-07T09:40:25","guid":{"rendered":"https:\/\/petitcomite.net\/projects\/nomenclator-2\/"},"modified":"2017-11-17T09:01:43","modified_gmt":"2017-11-17T09:01:43","slug":"nomenclator","status":"publish","type":"projects","link":"https:\/\/www.petitcomite.net\/es\/projects\/nomenclator\/","title":{"rendered":"Nomencl\u00e0tor 1a edici\u00f3n"},"content":{"rendered":"<p>Todos los municipios de Catalu\u00f1a en un solo libro La inquietud para normalizar todos los top\u00f3nimos de Catalu\u00f1a llev\u00f3 la Generalitat a quererlo plasmar por medio de este libro. En 1998, junto con el Instituto Cartogr\u00e1fico, nos encarg\u00f3 el dise\u00f1o de las pautas y los formatos para el interior de este libro. Finalmente, en 2003 en dise\u00f1amos las cubiertas y el estuche. Puede ver la segunda edici\u00f3n realizada en 2009.<img loading=\"lazy\" class=\"alignnone size-full wp-image-1261\" title=\"043-NOMENCLATOR 01\" src=\"https:\/\/petitcomite.net\/wp-content\/uploads\/043-NOMENCLATOR-011.jpg\" alt=\"\" width=\"2835\" height=\"2426\" srcset=\"https:\/\/www.petitcomite.net\/wp-content\/uploads\/043-NOMENCLATOR-011.jpg 2835w, https:\/\/www.petitcomite.net\/wp-content\/uploads\/043-NOMENCLATOR-011-300x256.jpg 300w, https:\/\/www.petitcomite.net\/wp-content\/uploads\/043-NOMENCLATOR-011-1024x876.jpg 1024w, https:\/\/www.petitcomite.net\/wp-content\/uploads\/043-NOMENCLATOR-011-220x188.jpg 220w\" sizes=\"(max-width: 2835px) 100vw, 2835px\" \/><\/a><\/p>\n<p><a href=\"https:\/\/petitcomite.net\/wp-content\/uploads\/043-NOMENCLATOR-021.jpg\"><img loading=\"lazy\" class=\"alignnone size-full wp-image-1262\" title=\"043-NOMENCLATOR 02\" src=\"https:\/\/petitcomite.net\/wp-content\/uploads\/043-NOMENCLATOR-021.jpg\" alt=\"\" width=\"2835\" height=\"2273\" srcset=\"https:\/\/www.petitcomite.net\/wp-content\/uploads\/043-NOMENCLATOR-021.jpg 2835w, https:\/\/www.petitcomite.net\/wp-content\/uploads\/043-NOMENCLATOR-021-300x240.jpg 300w, https:\/\/www.petitcomite.net\/wp-content\/uploads\/043-NOMENCLATOR-021-1024x821.jpg 1024w, https:\/\/www.petitcomite.net\/wp-content\/uploads\/043-NOMENCLATOR-021-220x176.jpg 220w\" sizes=\"(max-width: 2835px) 100vw, 2835px\" \/><\/a><\/p>\n<p><a href=\"https:\/\/petitcomite.net\/wp-content\/uploads\/043-NOMENCLATOR-03.jpg\"><img loading=\"lazy\" class=\"alignnone size-full wp-image-1266\" title=\"043-NOMENCLATOR 03\" src=\"https:\/\/petitcomite.net\/wp-content\/uploads\/043-NOMENCLATOR-03.jpg\" alt=\"\" width=\"2835\" height=\"1893\" srcset=\"https:\/\/www.petitcomite.net\/wp-content\/uploads\/043-NOMENCLATOR-03.jpg 2835w, https:\/\/www.petitcomite.net\/wp-content\/uploads\/043-NOMENCLATOR-03-300x200.jpg 300w, https:\/\/www.petitcomite.net\/wp-content\/uploads\/043-NOMENCLATOR-03-1024x683.jpg 1024w, https:\/\/www.petitcomite.net\/wp-content\/uploads\/043-NOMENCLATOR-03-220x146.jpg 220w\" sizes=\"(max-width: 2835px) 100vw, 2835px\" \/><\/a><\/p>\n<p><a href=\"https:\/\/petitcomite.net\/wp-content\/uploads\/043-NOMENCLATOR-04.jpg\"><img loading=\"lazy\" class=\"alignnone size-full wp-image-1264\" title=\"043-NOMENCLATOR 04\" src=\"https:\/\/petitcomite.net\/wp-content\/uploads\/043-NOMENCLATOR-04.jpg\" alt=\"\" width=\"2835\" height=\"1949\" srcset=\"https:\/\/www.petitcomite.net\/wp-content\/uploads\/043-NOMENCLATOR-04.jpg 2835w, https:\/\/www.petitcomite.net\/wp-content\/uploads\/043-NOMENCLATOR-04-300x206.jpg 300w, https:\/\/www.petitcomite.net\/wp-content\/uploads\/043-NOMENCLATOR-04-1024x703.jpg 1024w, https:\/\/www.petitcomite.net\/wp-content\/uploads\/043-NOMENCLATOR-04-220x151.jpg 220w\" sizes=\"(max-width: 2835px) 100vw, 2835px\" \/><\/a><\/p>\n<p><a href=\"https:\/\/petitcomite.net\/wp-content\/uploads\/043-NOMENCLATOR-05.jpg\"><img loading=\"lazy\" class=\"alignnone size-full wp-image-1265\" title=\"043-NOMENCLATOR 05\" src=\"https:\/\/petitcomite.net\/wp-content\/uploads\/043-NOMENCLATOR-05.jpg\" alt=\"\" width=\"2835\" height=\"1949\" srcset=\"https:\/\/www.petitcomite.net\/wp-content\/uploads\/043-NOMENCLATOR-05.jpg 2835w, https:\/\/www.petitcomite.net\/wp-content\/uploads\/043-NOMENCLATOR-05-300x206.jpg 300w, https:\/\/www.petitcomite.net\/wp-content\/uploads\/043-NOMENCLATOR-05-1024x703.jpg 1024w, https:\/\/www.petitcomite.net\/wp-content\/uploads\/043-NOMENCLATOR-05-220x151.jpg 220w\" sizes=\"(max-width: 2835px) 100vw, 2835px\" \/><\/a><\/p>\n","protected":false},"excerpt":{"rendered":"<p>Todos los municipios de Catalu\u00f1a en un solo libro La inquietud para normalizar todos los top\u00f3nimos de Catalu\u00f1a llev\u00f3 la Generalitat a quererlo plasmar por medio de este libro. En 1998, junto con el Instituto Cartogr\u00e1fico, nos encarg\u00f3 el dise\u00f1o de las pautas y los formatos para el interior de este libro. Finalmente, en 2003 [&hellip;]<\/p>\n","protected":false},"featured_media":1261,"comment_status":"closed","ping_status":"closed","template":"","meta":[],"skills":[97],"clients":[10],"acf":[],"_links":{"self":[{"href":"https:\/\/www.petitcomite.net\/es\/wp-json\/wp\/v2\/projects\/3994"}],"collection":[{"href":"https:\/\/www.petitcomite.net\/es\/wp-json\/wp\/v2\/projects"}],"about":[{"href":"https:\/\/www.petitcomite.net\/es\/wp-json\/wp\/v2\/types\/projects"}],"replies":[{"embeddable":true,"href":"https:\/\/www.petitcomite.net\/es\/wp-json\/wp\/v2\/comments?post=3994"}],"version-history":[{"count":4,"href":"https:\/\/www.petitcomite.net\/es\/wp-json\/wp\/v2\/projects\/3994\/revisions"}],"predecessor-version":[{"id":4849,"href":"https:\/\/www.petitcomite.net\/es\/wp-json\/wp\/v2\/projects\/3994\/revisions\/4849"}],"wp:featuredmedia":[{"embeddable":true,"href":"https:\/\/www.petitcomite.net\/es\/wp-json\/wp\/v2\/media\/1261"}],"wp:attachment":[{"href":"https:\/\/www.petitcomite.net\/es\/wp-json\/wp\/v2\/media?parent=3994"}],"wp:term":[{"taxonomy":"skill","embeddable":true,"href":"https:\/\/www.petitcomite.net\/es\/wp-json\/wp\/v2\/skills?post=3994"},{"taxonomy":"client","embeddable":true,"href":"https:\/\/www.petitcomite.net\/es\/wp-json\/wp\/v2\/clients?post=3994"}],"curies":[{"name":"wp","href":"https:\/\/api.w.org\/{rel}","templated":true}]}}

Nomenclàtor 1a edición

<p>Todos los municipios de Cataluña en un solo libro La inquietud para normalizar todos los topónimos de Cataluña llevó la Generalitat a quererlo plasmar por medio de este libro. En 1998, junto con el Instituto Cartográfico, nos encargó el diseño de las pautas y los formatos para el interior de este libro. Finalmente, en 2003 en diseñamos las cubiertas y el estuche. Puede ver la segunda edición realizada en 2009.<img loading="lazy" class="alignnone size-full wp-image-1261" title="043-NOMENCLATOR 01" src="https://petitcomite.net/wp-content/uploads/043-NOMENCLATOR-011.jpg" alt="" width="2835" height="2426" srcset="https://www.petitcomite.net/wp-content/uploads/043-NOMENCLATOR-011.jpg 2835w, https://www.petitcomite.net/wp-content/uploads/043-NOMENCLATOR-011-300x256.jpg 300w, https://www.petitcomite.net/wp-content/uploads/043-NOMENCLATOR-011-1024x876.jpg 1024w, https://www.petitcomite.net/wp-content/uploads/043-NOMENCLATOR-011-220x188.jpg 220w" sizes="(max-width: 2835px) 100vw, 2835px" /></a></p>
<p><a href="https://petitcomite.net/wp-content/uploads/043-NOMENCLATOR-021.jpg"><img loading="lazy" class="alignnone size-full wp-image-1262" title="043-NOMENCLATOR 02" src="https://petitcomite.net/wp-content/uploads/043-NOMENCLATOR-021.jpg" alt="" width="2835" height="2273" srcset="https://www.petitcomite.net/wp-content/uploads/043-NOMENCLATOR-021.jpg 2835w, https://www.petitcomite.net/wp-content/uploads/043-NOMENCLATOR-021-300x240.jpg 300w, https://www.petitcomite.net/wp-content/uploads/043-NOMENCLATOR-021-1024x821.jpg 1024w, https://www.petitcomite.net/wp-content/uploads/043-NOMENCLATOR-021-220x176.jpg 220w" sizes="(max-width: 2835px) 100vw, 2835px" /></a></p>
<p><a href="https://petitcomite.net/wp-content/uploads/043-NOMENCLATOR-03.jpg"><img loading="lazy" class="alignnone size-full wp-image-1266" title="043-NOMENCLATOR 03" src="https://petitcomite.net/wp-content/uploads/043-NOMENCLATOR-03.jpg" alt="" width="2835" height="1893" srcset="https://www.petitcomite.net/wp-content/uploads/043-NOMENCLATOR-03.jpg 2835w, https://www.petitcomite.net/wp-content/uploads/043-NOMENCLATOR-03-300x200.jpg 300w, https://www.petitcomite.net/wp-content/uploads/043-NOMENCLATOR-03-1024x683.jpg 1024w, https://www.petitcomite.net/wp-content/uploads/043-NOMENCLATOR-03-220x146.jpg 220w" sizes="(max-width: 2835px) 100vw, 2835px" /></a></p>
<p><a href="https://petitcomite.net/wp-content/uploads/043-NOMENCLATOR-04.jpg"><img loading="lazy" class="alignnone size-full wp-image-1264" title="043-NOMENCLATOR 04" src="https://petitcomite.net/wp-content/uploads/043-NOMENCLATOR-04.jpg" alt="" width="2835" height="1949" srcset="https://www.petitcomite.net/wp-content/uploads/043-NOMENCLATOR-04.jpg 2835w, https://www.petitcomite.net/wp-content/uploads/043-NOMENCLATOR-04-300x206.jpg 300w, https://www.petitcomite.net/wp-content/uploads/043-NOMENCLATOR-04-1024x703.jpg 1024w, https://www.petitcomite.net/wp-content/uploads/043-NOMENCLATOR-04-220x151.jpg 220w" sizes="(max-width: 2835px) 100vw, 2835px" /></a></p>
<p><a href="https://petitcomite.net/wp-content/uploads/043-NOMENCLATOR-05.jpg"><img loading="lazy" class="alignnone size-full wp-image-1265" title="043-NOMENCLATOR 05" src="https://petitcomite.net/wp-content/uploads/043-NOMENCLATOR-05.jpg" alt="" width="2835" height="1949" srcset="https://www.petitcomite.net/wp-content/uploads/043-NOMENCLATOR-05.jpg 2835w, https://www.petitcomite.net/wp-content/uploads/043-NOMENCLATOR-05-300x206.jpg 300w, https://www.petitcomite.net/wp-content/uploads/043-NOMENCLATOR-05-1024x703.jpg 1024w, https://www.petitcomite.net/wp-content/uploads/043-NOMENCLATOR-05-220x151.jpg 220w" sizes="(max-width: 2835px) 100vw, 2835px" /></a></p>

<p>Todos los municipios de Cataluña en un solo libro La inquietud para normalizar todos los topónimos de Cataluña llevó la Generalitat a quererlo plasmar por medio de este libro. En 1998, junto con el Instituto Cartográfico, nos encargó el diseño de las pautas y los formatos para el interior de este libro. Finalmente, en 2003 [&hellip;]</p>
