{"id":4028,"date":"2012-10-21T10:58:20","date_gmt":"2012-10-21T10:58:20","guid":{"rendered":"https:\/\/petitcomite.net\/projects\/cataleg-exposicio-cultius04-2\/"},"modified":"2017-11-16T12:21:50","modified_gmt":"2017-11-16T12:21:50","slug":"cataleg-exposicio-cultius04","status":"publish","type":"projects","link":"https:\/\/www.petitcomite.net\/es\/projects\/cataleg-exposicio-cultius04\/","title":{"rendered":"Cat\u00e1logo Exposici\u00f3n Cultius&#8217;04"},"content":{"rendered":"<p>Cat\u00e1logo de la exposici\u00f3n Cultius, intervenciones de arte contempor\u00e1neo a los espacios de Fornells de la Muntanya (Tosses, Girona)<\/p>\n<p><a href=\"https:\/\/petitcomite.net\/wp-content\/uploads\/Cultius01-35046.jpg\"><img loading=\"lazy\" class=\"alignnone size-large wp-image-887\" title=\"Cultius01-35046\" src=\"https:\/\/petitcomite.net\/wp-content\/uploads\/Cultius01-35046-1024x716.jpg\" alt=\"\" width=\"1024\" height=\"716\" srcset=\"https:\/\/www.petitcomite.net\/wp-content\/uploads\/Cultius01-35046-1024x716.jpg 1024w, https:\/\/www.petitcomite.net\/wp-content\/uploads\/Cultius01-35046-300x210.jpg 300w, https:\/\/www.petitcomite.net\/wp-content\/uploads\/Cultius01-35046-220x154.jpg 220w\" sizes=\"(max-width: 1024px) 100vw, 1024px\" \/><\/a><\/p>\n<p><a href=\"https:\/\/petitcomite.net\/wp-content\/uploads\/Cultius02-35015.jpg\"><img loading=\"lazy\" class=\"alignnone size-large wp-image-888\" title=\"Cultius02-35015\" src=\"https:\/\/petitcomite.net\/wp-content\/uploads\/Cultius02-35015-1024x715.jpg\" alt=\"\" width=\"1024\" height=\"715\" srcset=\"https:\/\/www.petitcomite.net\/wp-content\/uploads\/Cultius02-35015-1024x715.jpg 1024w, https:\/\/www.petitcomite.net\/wp-content\/uploads\/Cultius02-35015-300x209.jpg 300w, https:\/\/www.petitcomite.net\/wp-content\/uploads\/Cultius02-35015-220x153.jpg 220w\" sizes=\"(max-width: 1024px) 100vw, 1024px\" \/><\/a><\/p>\n<p><a href=\"https:\/\/petitcomite.net\/wp-content\/uploads\/Cultius03-35016.jpg\"><img loading=\"lazy\" class=\"alignnone size-large wp-image-889\" title=\"Cultius03-35016\" src=\"https:\/\/petitcomite.net\/wp-content\/uploads\/Cultius03-35016-1024x715.jpg\" alt=\"\" width=\"1024\" height=\"715\" srcset=\"https:\/\/www.petitcomite.net\/wp-content\/uploads\/Cultius03-35016-1024x715.jpg 1024w, https:\/\/www.petitcomite.net\/wp-content\/uploads\/Cultius03-35016-300x209.jpg 300w, https:\/\/www.petitcomite.net\/wp-content\/uploads\/Cultius03-35016-220x153.jpg 220w\" sizes=\"(max-width: 1024px) 100vw, 1024px\" \/><\/a><\/p>\n","protected":false},"excerpt":{"rendered":"<p>Cat\u00e1logo de la exposici\u00f3n Cultius, intervenciones de arte contempor\u00e1neo a los espacios de Fornells de la Muntanya (Tosses, Girona)<\/p>\n","protected":false},"featured_media":887,"comment_status":"closed","ping_status":"closed","template":"","meta":[],"skills":[97],"clients":[],"acf":[],"_links":{"self":[{"href":"https:\/\/www.petitcomite.net\/es\/wp-json\/wp\/v2\/projects\/4028"}],"collection":[{"href":"https:\/\/www.petitcomite.net\/es\/wp-json\/wp\/v2\/projects"}],"about":[{"href":"https:\/\/www.petitcomite.net\/es\/wp-json\/wp\/v2\/types\/projects"}],"replies":[{"embeddable":true,"href":"https:\/\/www.petitcomite.net\/es\/wp-json\/wp\/v2\/comments?post=4028"}],"version-history":[{"count":3,"href":"https:\/\/www.petitcomite.net\/es\/wp-json\/wp\/v2\/projects\/4028\/revisions"}],"predecessor-version":[{"id":4750,"href":"https:\/\/www.petitcomite.net\/es\/wp-json\/wp\/v2\/projects\/4028\/revisions\/4750"}],"wp:featuredmedia":[{"embeddable":true,"href":"https:\/\/www.petitcomite.net\/es\/wp-json\/wp\/v2\/media\/887"}],"wp:attachment":[{"href":"https:\/\/www.petitcomite.net\/es\/wp-json\/wp\/v2\/media?parent=4028"}],"wp:term":[{"taxonomy":"skill","embeddable":true,"href":"https:\/\/www.petitcomite.net\/es\/wp-json\/wp\/v2\/skills?post=4028"},{"taxonomy":"client","embeddable":true,"href":"https:\/\/www.petitcomite.net\/es\/wp-json\/wp\/v2\/clients?post=4028"}],"curies":[{"name":"wp","href":"https:\/\/api.w.org\/{rel}","templated":true}]}}

Catálogo Exposición Cultius&#8217;04

<p>Catálogo de la exposición Cultius, intervenciones de arte contemporáneo a los espacios de Fornells de la Muntanya (Tosses, Girona)</p>
<p><a href="https://petitcomite.net/wp-content/uploads/Cultius01-35046.jpg"><img loading="lazy" class="alignnone size-large wp-image-887" title="Cultius01-35046" src="https://petitcomite.net/wp-content/uploads/Cultius01-35046-1024x716.jpg" alt="" width="1024" height="716" srcset="https://www.petitcomite.net/wp-content/uploads/Cultius01-35046-1024x716.jpg 1024w, https://www.petitcomite.net/wp-content/uploads/Cultius01-35046-300x210.jpg 300w, https://www.petitcomite.net/wp-content/uploads/Cultius01-35046-220x154.jpg 220w" sizes="(max-width: 1024px) 100vw, 1024px" /></a></p>
<p><a href="https://petitcomite.net/wp-content/uploads/Cultius02-35015.jpg"><img loading="lazy" class="alignnone size-large wp-image-888" title="Cultius02-35015" src="https://petitcomite.net/wp-content/uploads/Cultius02-35015-1024x715.jpg" alt="" width="1024" height="715" srcset="https://www.petitcomite.net/wp-content/uploads/Cultius02-35015-1024x715.jpg 1024w, https://www.petitcomite.net/wp-content/uploads/Cultius02-35015-300x209.jpg 300w, https://www.petitcomite.net/wp-content/uploads/Cultius02-35015-220x153.jpg 220w" sizes="(max-width: 1024px) 100vw, 1024px" /></a></p>
<p><a href="https://petitcomite.net/wp-content/uploads/Cultius03-35016.jpg"><img loading="lazy" class="alignnone size-large wp-image-889" title="Cultius03-35016" src="https://petitcomite.net/wp-content/uploads/Cultius03-35016-1024x715.jpg" alt="" width="1024" height="715" srcset="https://www.petitcomite.net/wp-content/uploads/Cultius03-35016-1024x715.jpg 1024w, https://www.petitcomite.net/wp-content/uploads/Cultius03-35016-300x209.jpg 300w, https://www.petitcomite.net/wp-content/uploads/Cultius03-35016-220x153.jpg 220w" sizes="(max-width: 1024px) 100vw, 1024px" /></a></p>

<p>Catálogo de la exposición Cultius, intervenciones de arte contemporáneo a los espacios de Fornells de la Muntanya (Tosses, Girona)</p>
