{"id":4088,"date":"2012-06-20T17:22:14","date_gmt":"2012-06-20T17:22:14","guid":{"rendered":"https:\/\/petitcomite.net\/projects\/la-historia-del-nom-barcelona-en-un-cartell-2\/"},"modified":"2017-11-16T12:28:20","modified_gmt":"2017-11-16T12:28:20","slug":"la-historia-del-nom-barcelona-en-un-cartell","status":"publish","type":"projects","link":"https:\/\/www.petitcomite.net\/es\/projects\/la-historia-del-nom-barcelona-en-un-cartell\/","title":{"rendered":"Congreso de  Onom\u00e1stica Barcelona"},"content":{"rendered":"<h4>La historia del nombre de la ciudad de Barcelona Cartel y aplicaci\u00f3n para el XXIV Congreso Internacional de Ciencias Onom\u00e1sticas (ciencia que estudia la catalogaci\u00f3n y el estudio de los nombres propios). La onom\u00e1stica es una ciencia encargada de estudiar los nombres propios. La soluci\u00f3n planteada, aplica una gr\u00e1fica de tipo tipogr\u00e1fico, que nos muestra cronol\u00f3gicamente la evoluci\u00f3n del nombre de la ciudad que acoge este evento. Cartel premiado en los Premios Laus de 2012.<a href=\"https:\/\/petitcomite.net\/wp-content\/uploads\/PTOP-Congres-Onomastica-2011-611-Poster.jpg\"><img loading=\"lazy\" class=\"alignnone size-large wp-image-264\" title=\"PTOP-Congres Onomastica-2011-611-Poster\" src=\"https:\/\/petitcomite.net\/wp-content\/uploads\/PTOP-Congres-Onomastica-2011-611-Poster-828x1024.jpg\" alt=\"\" width=\"828\" height=\"1024\" srcset=\"https:\/\/www.petitcomite.net\/wp-content\/uploads\/PTOP-Congres-Onomastica-2011-611-Poster-828x1024.jpg 828w, https:\/\/www.petitcomite.net\/wp-content\/uploads\/PTOP-Congres-Onomastica-2011-611-Poster-242x300.jpg 242w, https:\/\/www.petitcomite.net\/wp-content\/uploads\/PTOP-Congres-Onomastica-2011-611-Poster-220x271.jpg 220w\" sizes=\"(max-width: 828px) 100vw, 828px\" \/><\/a><\/h4>\n<p><a href=\"https:\/\/petitcomite.net\/wp-content\/uploads\/PTOP-Congres-Onomastica-2011-611-PosterDetall.jpg\"><img loading=\"lazy\" class=\"alignnone size-large wp-image-265\" title=\"PTOP-Congres Onomastica-2011-611-PosterDetall\" src=\"https:\/\/petitcomite.net\/wp-content\/uploads\/PTOP&lt;br \/&gt;&lt;br \/&gt; -Congres-Onomastica-2011-611-PosterDetall-1024x682.jpg\" alt=\"\" width=\"1024\" height=\"682\" \/><\/a><\/p>\n<p><a href=\"https:\/\/petitcomite.net\/wp-content\/uploads\/611-PTOP-Congres-Onomastica-2011-entorn-06.jpg\"><img loading=\"lazy\" class=\"alignnone size-large wp-image-266\" title=\"611-PTOP-Congres Onomastica-2011-entorn-06\" src=\"https:\/\/petitcomite.net\/wp-content\/uploads\/611-PTOP-Congres-Onomastica-2011-entorn-06-1024x646.jpg\" alt=\"\" width=\"1024\" height=\"646\" srcset=\"https:\/\/www.petitcomite.net\/wp-content\/uploads\/611-PTOP-Congres-Onomastica-2011-entorn-06-1024x646.jpg 1024w, https:\/\/www.petitcomite.net\/wp-content\/uploads\/611-PTOP-Congres-Onomastica-2011-entorn-06-300x189.jpg 300w, https:\/\/www.petitcomite.net\/wp-content\/uploads\/611-PTOP-Congres-Onomastica-2011-entorn-06-220x138.jpg 220w\" sizes=\"(max-width: 1024px) 100vw, 1024px\" \/><\/a><\/p>\n<p><a href=\"https:\/\/petitcomite.net\/wp-content\/uploads\/611-PTOP-Congres-Onomastica-2011-entorn-01.jpg\"><img loading=\"lazy\" class=\"alignnone size-large wp-image-270\" title=\"611-PTOP-Congres Onomastica-2011-entorn-01\" src=\"https:\/\/petitcomite.net\/wp-content\/uploads\/611-PTOP-Congres-Onomastica-2011-entorn-01-1024x646.jpg\" alt=\"\" width=\"1024\" height=\"646\" srcset=\"https:\/\/www.petitcomite.net\/wp-content\/uploads\/611-PTOP-Congres-Onomastica-2011-entorn-01-1024x646.jpg 1024w, https:\/\/www.petitcomite.net\/wp-content\/uploads\/611-PTOP-Congres-Onomastica-2011-entorn-01-300x189.jpg 300w, https:\/\/www.petitcomite.net\/wp-content\/uploads\/611-PTOP-Congres-Onomastica-2011-entorn-01-220x138.jpg 220w\" sizes=\"(max-width: 1024px) 100vw, 1024px\" \/><\/a><\/p>\n<p><a href=\"https:\/\/petitcomite.net\/wp-content\/uploads\/611-PTOP-Congres-Onomastica-2011-entorn-05.jpg\"><img loading=\"lazy\" class=\"alignnone size-large wp-image-267\" title=\"611-PTOP-Congres Onomastica-2011-entorn-05\" src=\"https:\/\/petitcomite.net\/wp-content\/uploads\/611-PTOP-Congres-Onomastica-2011-entorn-05-1024x646.jpg\" alt=\"\" width=\"1024\" height=\"646\" srcset=\"https:\/\/www.petitcomite.net\/wp-content\/uploads\/611-PTOP-Congres-Onomastica-2011-entorn-05-1024x646.jpg 1024w, https:\/\/www.petitcomite.net\/wp-content\/uploads\/611-PTOP-Congres-Onomastica-2011-entorn-05-300x189.jpg 300w, https:\/\/www.petitcomite.net\/wp-content\/uploads\/611-PTOP-Congres-Onomastica-2011-entorn-05-220x138.jpg 220w\" sizes=\"(max-width: 1024px) 100vw, 1024px\" \/><\/a><\/p>\n<p><a href=\"https:\/\/petitcomite.net\/wp-content\/uploads\/611-PTOP-Congres-Onomastica-2011-entorn-02.jpg\"><img loading=\"lazy\" class=\"alignnone size-large wp-image-269\" title=\"611-PTOP-Congres Onomastica-2011-entorn-02\" src=\"https:\/\/petitcomite.net\/wp-content\/uploads\/611-PTOP-Congres-Onomastica-2011-entorn-02-1024x646.jpg\" alt=\"\" width=\"1024\" height=\"646\" srcset=\"https:\/\/www.petitcomite.net\/wp-content\/uploads\/611-PTOP-Congres-Onomastica-2011-entorn-02-1024x646.jpg 1024w, https:\/\/www.petitcomite.net\/wp-content\/uploads\/611-PTOP-Congres-Onomastica-2011-entorn-02-300x189.jpg 300w, https:\/\/www.petitcomite.net\/wp-content\/uploads\/611-PTOP-Congres-Onomastica-2011-entorn-02-220x138.jpg 220w\" sizes=\"(max-width: 1024px) 100vw, 1024px\" \/><\/a><\/p>\n<p><a href=\"https:\/\/petitcomite.net\/wp-content\/uploads\/611-PTOP-Congres-Onomastica-2011-entorn-00.jpg\"><img loading=\"lazy\" class=\"alignnone size-large wp-image-271\" title=\"611-PTOP-Congres Onomastica-2011-entorn-00\" src=\"https:\/\/petitcomite.net\/wp-content\/uploads\/611-PTOP-Congres-Onomastica-2011-entorn-00-1024x646.jpg\" alt=\"\" width=\"1024\" height=\"646\" srcset=\"https:\/\/www.petitcomite.net\/wp-content\/uploads\/611-PTOP-Congres-Onomastica-2011-entorn-00-1024x646.jpg 1024w, https:\/\/www.petitcomite.net\/wp-content\/uploads\/611-PTOP-Congres-Onomastica-2011-entorn-00-300x189.jpg 300w, https:\/\/www.petitcomite.net\/wp-content\/uploads\/611-PTOP-Congres-Onomastica-2011-entorn-00-220x138.jpg 220w\" sizes=\"(max-width: 1024px) 100vw, 1024px\" \/><\/a><\/p>\n<p><a href=\"https:\/\/petitcomite.net\/wp-content\/uploads\/611-PTOP-Congres-Onomastica-2011-entorn-03.jpg\"><img loading=\"lazy\" class=\"alignnone size-large wp-image-268\" title=\"611-PTOP-Congres Onomastica-2011-entorn-03\" src=\"https:\/\/petitcomite.net\/wp-content\/uploads\/611-PTOP-Congres-Onomastica-2011-entorn-03-1024x646.jpg\" alt=\"\" width=\"1024\" height=\"646\" srcset=\"https:\/\/www.petitcomite.net\/wp-content\/uploads\/611-PTOP-Congres-Onomastica-2011-entorn-03-1024x646.jpg 1024w, https:\/\/www.petitcomite.net\/wp-content\/uploads\/611-PTOP-Congres-Onomastica-2011-entorn-03-300x189.jpg 300w, https:\/\/www.petitcomite.net\/wp-content\/uploads\/611-PTOP-Congres-Onomastica-2011-entorn-03-220x138.jpg 220w\" sizes=\"(max-width: 1024px) 100vw, 1024px\" \/><\/a><\/p>\n","protected":false},"excerpt":{"rendered":"<p>La historia del nombre de la ciudad de Barcelona Cartel y aplicaci\u00f3n para el XXIV Congreso Internacional de Ciencias Onom\u00e1sticas (ciencia que estudia la catalogaci\u00f3n y el estudio de los nombres propios). La onom\u00e1stica es una ciencia encargada de estudiar los nombres propios. La soluci\u00f3n planteada, aplica una gr\u00e1fica de tipo tipogr\u00e1fico, que nos muestra [&hellip;]<\/p>\n","protected":false},"featured_media":265,"comment_status":"closed","ping_status":"closed","template":"","meta":[],"skills":[89,93],"clients":[10],"acf":[],"_links":{"self":[{"href":"https:\/\/www.petitcomite.net\/es\/wp-json\/wp\/v2\/projects\/4088"}],"collection":[{"href":"https:\/\/www.petitcomite.net\/es\/wp-json\/wp\/v2\/projects"}],"about":[{"href":"https:\/\/www.petitcomite.net\/es\/wp-json\/wp\/v2\/types\/projects"}],"replies":[{"embeddable":true,"href":"https:\/\/www.petitcomite.net\/es\/wp-json\/wp\/v2\/comments?post=4088"}],"version-history":[{"count":4,"href":"https:\/\/www.petitcomite.net\/es\/wp-json\/wp\/v2\/projects\/4088\/revisions"}],"predecessor-version":[{"id":4769,"href":"https:\/\/www.petitcomite.net\/es\/wp-json\/wp\/v2\/projects\/4088\/revisions\/4769"}],"wp:featuredmedia":[{"embeddable":true,"href":"https:\/\/www.petitcomite.net\/es\/wp-json\/wp\/v2\/media\/265"}],"wp:attachment":[{"href":"https:\/\/www.petitcomite.net\/es\/wp-json\/wp\/v2\/media?parent=4088"}],"wp:term":[{"taxonomy":"skill","embeddable":true,"href":"https:\/\/www.petitcomite.net\/es\/wp-json\/wp\/v2\/skills?post=4088"},{"taxonomy":"client","embeddable":true,"href":"https:\/\/www.petitcomite.net\/es\/wp-json\/wp\/v2\/clients?post=4088"}],"curies":[{"name":"wp","href":"https:\/\/api.w.org\/{rel}","templated":true}]}}

Congreso de  Onomástica Barcelona

<h4>La historia del nombre de la ciudad de Barcelona Cartel y aplicación para el XXIV Congreso Internacional de Ciencias Onomásticas (ciencia que estudia la catalogación y el estudio de los nombres propios). La onomástica es una ciencia encargada de estudiar los nombres propios. La solución planteada, aplica una gráfica de tipo tipográfico, que nos muestra cronológicamente la evolución del nombre de la ciudad que acoge este evento. Cartel premiado en los Premios Laus de 2012.<a href="https://petitcomite.net/wp-content/uploads/PTOP-Congres-Onomastica-2011-611-Poster.jpg"><img loading="lazy" class="alignnone size-large wp-image-264" title="PTOP-Congres Onomastica-2011-611-Poster" src="https://petitcomite.net/wp-content/uploads/PTOP-Congres-Onomastica-2011-611-Poster-828x1024.jpg" alt="" width="828" height="1024" srcset="https://www.petitcomite.net/wp-content/uploads/PTOP-Congres-Onomastica-2011-611-Poster-828x1024.jpg 828w, https://www.petitcomite.net/wp-content/uploads/PTOP-Congres-Onomastica-2011-611-Poster-242x300.jpg 242w, https://www.petitcomite.net/wp-content/uploads/PTOP-Congres-Onomastica-2011-611-Poster-220x271.jpg 220w" sizes="(max-width: 828px) 100vw, 828px" /></a></h4>
<p><a href="https://petitcomite.net/wp-content/uploads/PTOP-Congres-Onomastica-2011-611-PosterDetall.jpg"><img loading="lazy" class="alignnone size-large wp-image-265" title="PTOP-Congres Onomastica-2011-611-PosterDetall" src="https://petitcomite.net/wp-content/uploads/PTOP&lt;br /&gt;&lt;br /&gt; -Congres-Onomastica-2011-611-PosterDetall-1024x682.jpg" alt="" width="1024" height="682" /></a></p>
<p><a href="https://petitcomite.net/wp-content/uploads/611-PTOP-Congres-Onomastica-2011-entorn-06.jpg"><img loading="lazy" class="alignnone size-large wp-image-266" title="611-PTOP-Congres Onomastica-2011-entorn-06" src="https://petitcomite.net/wp-content/uploads/611-PTOP-Congres-Onomastica-2011-entorn-06-1024x646.jpg" alt="" width="1024" height="646" srcset="https://www.petitcomite.net/wp-content/uploads/611-PTOP-Congres-Onomastica-2011-entorn-06-1024x646.jpg 1024w, https://www.petitcomite.net/wp-content/uploads/611-PTOP-Congres-Onomastica-2011-entorn-06-300x189.jpg 300w, https://www.petitcomite.net/wp-content/uploads/611-PTOP-Congres-Onomastica-2011-entorn-06-220x138.jpg 220w" sizes="(max-width: 1024px) 100vw, 1024px" /></a></p>
<p><a href="https://petitcomite.net/wp-content/uploads/611-PTOP-Congres-Onomastica-2011-entorn-01.jpg"><img loading="lazy" class="alignnone size-large wp-image-270" title="611-PTOP-Congres Onomastica-2011-entorn-01" src="https://petitcomite.net/wp-content/uploads/611-PTOP-Congres-Onomastica-2011-entorn-01-1024x646.jpg" alt="" width="1024" height="646" srcset="https://www.petitcomite.net/wp-content/uploads/611-PTOP-Congres-Onomastica-2011-entorn-01-1024x646.jpg 1024w, https://www.petitcomite.net/wp-content/uploads/611-PTOP-Congres-Onomastica-2011-entorn-01-300x189.jpg 300w, https://www.petitcomite.net/wp-content/uploads/611-PTOP-Congres-Onomastica-2011-entorn-01-220x138.jpg 220w" sizes="(max-width: 1024px) 100vw, 1024px" /></a></p>
<p><a href="https://petitcomite.net/wp-content/uploads/611-PTOP-Congres-Onomastica-2011-entorn-05.jpg"><img loading="lazy" class="alignnone size-large wp-image-267" title="611-PTOP-Congres Onomastica-2011-entorn-05" src="https://petitcomite.net/wp-content/uploads/611-PTOP-Congres-Onomastica-2011-entorn-05-1024x646.jpg" alt="" width="1024" height="646" srcset="https://www.petitcomite.net/wp-content/uploads/611-PTOP-Congres-Onomastica-2011-entorn-05-1024x646.jpg 1024w, https://www.petitcomite.net/wp-content/uploads/611-PTOP-Congres-Onomastica-2011-entorn-05-300x189.jpg 300w, https://www.petitcomite.net/wp-content/uploads/611-PTOP-Congres-Onomastica-2011-entorn-05-220x138.jpg 220w" sizes="(max-width: 1024px) 100vw, 1024px" /></a></p>
<p><a href="https://petitcomite.net/wp-content/uploads/611-PTOP-Congres-Onomastica-2011-entorn-02.jpg"><img loading="lazy" class="alignnone size-large wp-image-269" title="611-PTOP-Congres Onomastica-2011-entorn-02" src="https://petitcomite.net/wp-content/uploads/611-PTOP-Congres-Onomastica-2011-entorn-02-1024x646.jpg" alt="" width="1024" height="646" srcset="https://www.petitcomite.net/wp-content/uploads/611-PTOP-Congres-Onomastica-2011-entorn-02-1024x646.jpg 1024w, https://www.petitcomite.net/wp-content/uploads/611-PTOP-Congres-Onomastica-2011-entorn-02-300x189.jpg 300w, https://www.petitcomite.net/wp-content/uploads/611-PTOP-Congres-Onomastica-2011-entorn-02-220x138.jpg 220w" sizes="(max-width: 1024px) 100vw, 1024px" /></a></p>
<p><a href="https://petitcomite.net/wp-content/uploads/611-PTOP-Congres-Onomastica-2011-entorn-00.jpg"><img loading="lazy" class="alignnone size-large wp-image-271" title="611-PTOP-Congres Onomastica-2011-entorn-00" src="https://petitcomite.net/wp-content/uploads/611-PTOP-Congres-Onomastica-2011-entorn-00-1024x646.jpg" alt="" width="1024" height="646" srcset="https://www.petitcomite.net/wp-content/uploads/611-PTOP-Congres-Onomastica-2011-entorn-00-1024x646.jpg 1024w, https://www.petitcomite.net/wp-content/uploads/611-PTOP-Congres-Onomastica-2011-entorn-00-300x189.jpg 300w, https://www.petitcomite.net/wp-content/uploads/611-PTOP-Congres-Onomastica-2011-entorn-00-220x138.jpg 220w" sizes="(max-width: 1024px) 100vw, 1024px" /></a></p>
<p><a href="https://petitcomite.net/wp-content/uploads/611-PTOP-Congres-Onomastica-2011-entorn-03.jpg"><img loading="lazy" class="alignnone size-large wp-image-268" title="611-PTOP-Congres Onomastica-2011-entorn-03" src="https://petitcomite.net/wp-content/uploads/611-PTOP-Congres-Onomastica-2011-entorn-03-1024x646.jpg" alt="" width="1024" height="646" srcset="https://www.petitcomite.net/wp-content/uploads/611-PTOP-Congres-Onomastica-2011-entorn-03-1024x646.jpg 1024w, https://www.petitcomite.net/wp-content/uploads/611-PTOP-Congres-Onomastica-2011-entorn-03-300x189.jpg 300w, https://www.petitcomite.net/wp-content/uploads/611-PTOP-Congres-Onomastica-2011-entorn-03-220x138.jpg 220w" sizes="(max-width: 1024px) 100vw, 1024px" /></a></p>

<p>La historia del nombre de la ciudad de Barcelona Cartel y aplicación para el XXIV Congreso Internacional de Ciencias Onomásticas (ciencia que estudia la catalogación y el estudio de los nombres propios). La onomástica es una ciencia encargada de estudiar los nombres propios. La solución planteada, aplica una gráfica de tipo tipográfico, que nos muestra [&hellip;]</p>
