{"id":5035,"date":"2017-06-15T12:15:10","date_gmt":"2017-06-15T12:15:10","guid":{"rendered":"https:\/\/petitcomite.net\/projects\/jornada-tecnica-flora-silvestre\/"},"modified":"2022-07-06T14:33:30","modified_gmt":"2022-07-06T14:33:30","slug":"jornada-tecnica-flora-silvestre","status":"publish","type":"projects","link":"https:\/\/www.petitcomite.net\/es\/projects\/jornada-tecnica-flora-silvestre\/","title":{"rendered":"Jornada t\u00e9cnica Flora Silvestre"},"content":{"rendered":"<p>A primeros de mayo de 2017 tuvieron lugar en el Jard\u00edn Bot\u00e1nico de Barcelona las \u00abJornadas T\u00e9cnicas de la Asociaci\u00f3n Ibero-Macaron\u00e9sica de Jardines Bot\u00e1nicos\u00bb, centradas en el tema del manejo de la flora silvestre en los jardines bot\u00e1nicos. Estas jornadas dirigidas principalmente a personal de jardines bot\u00e1nicos, t\u00e9cnicos y conservadores implicados en la propagaci\u00f3n y conservaci\u00f3n de colecciones vivas, acogi\u00f3 un total de 38 participantes. Durante tres d\u00edas se intercambiaron experiencias con personal t\u00e9cnico y especialista de otros jardines bot\u00e1nicos: t\u00e9cnicas de control y seguimiento de la vegetaci\u00f3n de h\u00e1bitats gips\u00edcolas y zonas h\u00famedas, protocolos de cultivo, germinaci\u00f3n y restauraci\u00f3n de ecosistemas dunares, t\u00e9cnicas de cultivo empleadas en los viveros y la multiplicaci\u00f3n de especies silvestres mediterr\u00e1neas.<\/p>\n<p><a href=\"https:\/\/petitcomite.net\/wp-content\/uploads\/1527-LOGO-NAT-JB-Jornada-Flora-Silvestre-1web.jpg\"><img loading=\"lazy\" class=\"alignnone size-full wp-image-5019\" src=\"https:\/\/petitcomite.net\/wp-content\/uploads\/1527-LOGO-NAT-JB-Jornada-Flora-Silvestre-1web.jpg\" alt=\"\" width=\"2149\" height=\"1445\" srcset=\"https:\/\/www.petitcomite.net\/wp-content\/uploads\/1527-LOGO-NAT-JB-Jornada-Flora-Silvestre-1web.jpg 2149w, https:\/\/www.petitcomite.net\/wp-content\/uploads\/1527-LOGO-NAT-JB-Jornada-Flora-Silvestre-1web-300x202.jpg 300w, https:\/\/www.petitcomite.net\/wp-content\/uploads\/1527-LOGO-NAT-JB-Jornada-Flora-Silvestre-1web-768x516.jpg 768w, https:\/\/www.petitcomite.net\/wp-content\/uploads\/1527-LOGO-NAT-JB-Jornada-Flora-Silvestre-1web-1024x689.jpg 1024w, https:\/\/www.petitcomite.net\/wp-content\/uploads\/1527-LOGO-NAT-JB-Jornada-Flora-Silvestre-1web-220x148.jpg 220w\" sizes=\"(max-width: 2149px) 100vw, 2149px\" \/><\/a><\/p>\n<p><a href=\"https:\/\/petitcomite.net\/wp-content\/uploads\/1527-IMATGE-NAT-JB-Gaudi-Jornada_Flora_Silvestre-3web.jpg\"><img loading=\"lazy\" class=\"alignnone size-full wp-image-5022\" src=\"https:\/\/petitcomite.net\/wp-content\/uploads\/1527-IMATGE-NAT-JB-Gaudi-Jornada_Flora_Silvestre-3web.jpg\" alt=\"\" width=\"1616\" height=\"1890\" srcset=\"https:\/\/www.petitcomite.net\/wp-content\/uploads\/1527-IMATGE-NAT-JB-Gaudi-Jornada_Flora_Silvestre-3web.jpg 1616w, https:\/\/www.petitcomite.net\/wp-content\/uploads\/1527-IMATGE-NAT-JB-Gaudi-Jornada_Flora_Silvestre-3web-257x300.jpg 257w, https:\/\/www.petitcomite.net\/wp-content\/uploads\/1527-IMATGE-NAT-JB-Gaudi-Jornada_Flora_Silvestre-3web-768x898.jpg 768w, https:\/\/www.petitcomite.net\/wp-content\/uploads\/1527-IMATGE-NAT-JB-Gaudi-Jornada_Flora_Silvestre-3web-876x1024.jpg 876w, https:\/\/www.petitcomite.net\/wp-content\/uploads\/1527-IMATGE-NAT-JB-Gaudi-Jornada_Flora_Silvestre-3web-220x257.jpg 220w\" sizes=\"(max-width: 1616px) 100vw, 1616px\" \/><\/a><br \/>\n<a href=\"https:\/\/petitcomite.net\/wp-content\/uploads\/1527-POSTER-NAT-JB-Jornada-Flora-Silvestre-1web.jpg\"><img loading=\"lazy\" class=\"alignnone size-full wp-image-5020\" src=\"https:\/\/petitcomite.net\/wp-content\/uploads\/1527-POSTER-NAT-JB-Jornada-Flora-Silvestre-1web.jpg\" alt=\"\" width=\"1890\" height=\"2487\" srcset=\"https:\/\/www.petitcomite.net\/wp-content\/uploads\/1527-POSTER-NAT-JB-Jornada-Flora-Silvestre-1web.jpg 1890w, https:\/\/www.petitcomite.net\/wp-content\/uploads\/1527-POSTER-NAT-JB-Jornada-Flora-Silvestre-1web-228x300.jpg 228w, https:\/\/www.petitcomite.net\/wp-content\/uploads\/1527-POSTER-NAT-JB-Jornada-Flora-Silvestre-1web-768x1011.jpg 768w, https:\/\/www.petitcomite.net\/wp-content\/uploads\/1527-POSTER-NAT-JB-Jornada-Flora-Silvestre-1web-778x1024.jpg 778w, https:\/\/www.petitcomite.net\/wp-content\/uploads\/1527-POSTER-NAT-JB-Jornada-Flora-Silvestre-1web-220x289.jpg 220w\" sizes=\"(max-width: 1890px) 100vw, 1890px\" \/><\/a><\/p>\n","protected":false},"excerpt":{"rendered":"<p>A primeros de mayo de 2017 tuvieron lugar en el Jard\u00edn Bot\u00e1nico de Barcelona las \u00abJornadas T\u00e9cnicas de la Asociaci\u00f3n Ibero-Macaron\u00e9sica de Jardines Bot\u00e1nicos\u00bb, centradas en el tema del manejo de la flora silvestre en los jardines bot\u00e1nicos. Estas jornadas dirigidas principalmente a personal de jardines bot\u00e1nicos, t\u00e9cnicos y conservadores implicados en la propagaci\u00f3n y [&hellip;]<\/p>\n","protected":false},"featured_media":5022,"comment_status":"closed","ping_status":"closed","template":"","meta":[],"skills":[109,113],"clients":[8],"acf":[],"_links":{"self":[{"href":"https:\/\/www.petitcomite.net\/es\/wp-json\/wp\/v2\/projects\/5035"}],"collection":[{"href":"https:\/\/www.petitcomite.net\/es\/wp-json\/wp\/v2\/projects"}],"about":[{"href":"https:\/\/www.petitcomite.net\/es\/wp-json\/wp\/v2\/types\/projects"}],"replies":[{"embeddable":true,"href":"https:\/\/www.petitcomite.net\/es\/wp-json\/wp\/v2\/comments?post=5035"}],"version-history":[{"count":1,"href":"https:\/\/www.petitcomite.net\/es\/wp-json\/wp\/v2\/projects\/5035\/revisions"}],"predecessor-version":[{"id":5037,"href":"https:\/\/www.petitcomite.net\/es\/wp-json\/wp\/v2\/projects\/5035\/revisions\/5037"}],"wp:featuredmedia":[{"embeddable":true,"href":"https:\/\/www.petitcomite.net\/es\/wp-json\/wp\/v2\/media\/5022"}],"wp:attachment":[{"href":"https:\/\/www.petitcomite.net\/es\/wp-json\/wp\/v2\/media?parent=5035"}],"wp:term":[{"taxonomy":"skill","embeddable":true,"href":"https:\/\/www.petitcomite.net\/es\/wp-json\/wp\/v2\/skills?post=5035"},{"taxonomy":"client","embeddable":true,"href":"https:\/\/www.petitcomite.net\/es\/wp-json\/wp\/v2\/clients?post=5035"}],"curies":[{"name":"wp","href":"https:\/\/api.w.org\/{rel}","templated":true}]}}

Jornada técnica Flora Silvestre

<p>A primeros de mayo de 2017 tuvieron lugar en el Jardín Botánico de Barcelona las «Jornadas Técnicas de la Asociación Ibero-Macaronésica de Jardines Botánicos», centradas en el tema del manejo de la flora silvestre en los jardines botánicos. Estas jornadas dirigidas principalmente a personal de jardines botánicos, técnicos y conservadores implicados en la propagación y conservación de colecciones vivas, acogió un total de 38 participantes. Durante tres días se intercambiaron experiencias con personal técnico y especialista de otros jardines botánicos: técnicas de control y seguimiento de la vegetación de hábitats gipsícolas y zonas húmedas, protocolos de cultivo, germinación y restauración de ecosistemas dunares, técnicas de cultivo empleadas en los viveros y la multiplicación de especies silvestres mediterráneas.</p>
<p><a href="https://petitcomite.net/wp-content/uploads/1527-LOGO-NAT-JB-Jornada-Flora-Silvestre-1web.jpg"><img loading="lazy" class="alignnone size-full wp-image-5019" src="https://petitcomite.net/wp-content/uploads/1527-LOGO-NAT-JB-Jornada-Flora-Silvestre-1web.jpg" alt="" width="2149" height="1445" srcset="https://www.petitcomite.net/wp-content/uploads/1527-LOGO-NAT-JB-Jornada-Flora-Silvestre-1web.jpg 2149w, https://www.petitcomite.net/wp-content/uploads/1527-LOGO-NAT-JB-Jornada-Flora-Silvestre-1web-300x202.jpg 300w, https://www.petitcomite.net/wp-content/uploads/1527-LOGO-NAT-JB-Jornada-Flora-Silvestre-1web-768x516.jpg 768w, https://www.petitcomite.net/wp-content/uploads/1527-LOGO-NAT-JB-Jornada-Flora-Silvestre-1web-1024x689.jpg 1024w, https://www.petitcomite.net/wp-content/uploads/1527-LOGO-NAT-JB-Jornada-Flora-Silvestre-1web-220x148.jpg 220w" sizes="(max-width: 2149px) 100vw, 2149px" /></a></p>
<p><a href="https://petitcomite.net/wp-content/uploads/1527-IMATGE-NAT-JB-Gaudi-Jornada_Flora_Silvestre-3web.jpg"><img loading="lazy" class="alignnone size-full wp-image-5022" src="https://petitcomite.net/wp-content/uploads/1527-IMATGE-NAT-JB-Gaudi-Jornada_Flora_Silvestre-3web.jpg" alt="" width="1616" height="1890" srcset="https://www.petitcomite.net/wp-content/uploads/1527-IMATGE-NAT-JB-Gaudi-Jornada_Flora_Silvestre-3web.jpg 1616w, https://www.petitcomite.net/wp-content/uploads/1527-IMATGE-NAT-JB-Gaudi-Jornada_Flora_Silvestre-3web-257x300.jpg 257w, https://www.petitcomite.net/wp-content/uploads/1527-IMATGE-NAT-JB-Gaudi-Jornada_Flora_Silvestre-3web-768x898.jpg 768w, https://www.petitcomite.net/wp-content/uploads/1527-IMATGE-NAT-JB-Gaudi-Jornada_Flora_Silvestre-3web-876x1024.jpg 876w, https://www.petitcomite.net/wp-content/uploads/1527-IMATGE-NAT-JB-Gaudi-Jornada_Flora_Silvestre-3web-220x257.jpg 220w" sizes="(max-width: 1616px) 100vw, 1616px" /></a><br />
<a href="https://petitcomite.net/wp-content/uploads/1527-POSTER-NAT-JB-Jornada-Flora-Silvestre-1web.jpg"><img loading="lazy" class="alignnone size-full wp-image-5020" src="https://petitcomite.net/wp-content/uploads/1527-POSTER-NAT-JB-Jornada-Flora-Silvestre-1web.jpg" alt="" width="1890" height="2487" srcset="https://www.petitcomite.net/wp-content/uploads/1527-POSTER-NAT-JB-Jornada-Flora-Silvestre-1web.jpg 1890w, https://www.petitcomite.net/wp-content/uploads/1527-POSTER-NAT-JB-Jornada-Flora-Silvestre-1web-228x300.jpg 228w, https://www.petitcomite.net/wp-content/uploads/1527-POSTER-NAT-JB-Jornada-Flora-Silvestre-1web-768x1011.jpg 768w, https://www.petitcomite.net/wp-content/uploads/1527-POSTER-NAT-JB-Jornada-Flora-Silvestre-1web-778x1024.jpg 778w, https://www.petitcomite.net/wp-content/uploads/1527-POSTER-NAT-JB-Jornada-Flora-Silvestre-1web-220x289.jpg 220w" sizes="(max-width: 1890px) 100vw, 1890px" /></a></p>

<p>A primeros de mayo de 2017 tuvieron lugar en el Jardín Botánico de Barcelona las «Jornadas Técnicas de la Asociación Ibero-Macaronésica de Jardines Botánicos», centradas en el tema del manejo de la flora silvestre en los jardines botánicos. Estas jornadas dirigidas principalmente a personal de jardines botánicos, técnicos y conservadores implicados en la propagación y [&hellip;]</p>
